{"id":7401,"date":"2020-02-04T12:29:32","date_gmt":"2020-02-04T11:29:32","guid":{"rendered":"https:\/\/zeitschild.de\/karriere\/"},"modified":"2020-02-04T12:29:32","modified_gmt":"2020-02-04T11:29:32","slug":"karriere","status":"publish","type":"page","link":"https:\/\/zeitschild.de\/en\/karriere\/","title":{"rendered":"Karriere"},"content":{"rendered":"<div class=\"wpb-content-wrapper\">[vc_row thb_divider_position=&#8221;bottom&#8221;][vc_column][vc_column_text]\n<h2>Freie Handelsvertreter gesucht<\/h2>\n<p>Wir suchen f\u00fcr Deutschland und \u00d6sterreich freie Handelsvertreter f\u00fcr unsere kosmetischen Produkte, welche wir bei Friseuren verkaufen m\u00f6chten.<br \/>\nSie besuchen bereits Friseursalons und m\u00f6chten ihr Portfolio erweitern?<br \/>\nDann haben wir ein sehr spannendes Konzept f\u00fcr Sie.<br \/>\nHervorragende kosmetische Produkte mit neuesten Technologien, wirkliche Abhebung vom Wettbewerb, ein Marketingkonzept, das den Verkauf f\u00fcr den Friseur einfach macht und ein Verg\u00fctungssystem, das f\u00fcr alle Beteiligten Spa\u00df macht.<br \/>\nWir freuen uns auf Sie!<br \/>\nIhr Zeitschild Team[\/vc_column_text][vc_empty_space mobile_height=&#8221;15px&#8221;]\t<a class=\"btn     button_dach regular\" href=\"https:\/\/zeitschild.de\/kontakt\/\" target=\"_self\" role=\"button\" title=\"Kontakt\"><span>Kontakt<\/span><\/a>\n\n\t[\/vc_column][\/vc_row]\n<\/div>","protected":false},"excerpt":{"rendered":"<p>[vc_row thb_divider_position=&#8221;bottom&#8221;][vc_column][vc_column_text] Freie Handelsvertreter gesucht Wir suchen f\u00fcr Deutschland und \u00d6sterreich freie Handelsvertreter f\u00fcr unsere kosmetischen Produkte, welche wir bei Friseuren verkaufen m\u00f6chten. Sie besuchen bereits Friseursalons und m\u00f6chten ihr Portfolio erweitern? Dann haben wir ein sehr spannendes Konzept f\u00fcr Sie. Hervorragende kosmetische Produkte mit neuesten Technologien, wirkliche Abhebung vom Wettbewerb, ein Marketingkonzept, das den&hellip;<\/p>\n","protected":false},"author":1,"featured_media":0,"parent":0,"menu_order":0,"comment_status":"closed","ping_status":"closed","template":"page-default.php","meta":{"footnotes":""},"class_list":["post-7401","page","type-page","status-publish","hentry"],"yoast_head":"<!-- This site is optimized with the Yoast SEO plugin v27.3 - https:\/\/yoast.com\/product\/yoast-seo-wordpress\/ -->\n<title>Karriere - Zeitschild<\/title>\n<meta name=\"robots\" content=\"index, follow, max-snippet:-1, max-image-preview:large, max-video-preview:-1\" \/>\n<link rel=\"canonical\" href=\"https:\/\/zeitschild.de\/en\/karriere\/\" \/>\n<meta property=\"og:locale\" content=\"en_US\" \/>\n<meta property=\"og:type\" content=\"article\" \/>\n<meta property=\"og:title\" content=\"Karriere - Zeitschild\" \/>\n<meta property=\"og:description\" content=\"[vc_row thb_divider_position=&#8221;bottom&#8221;][vc_column][vc_column_text] Freie Handelsvertreter gesucht Wir suchen f\u00fcr Deutschland und \u00d6sterreich freie Handelsvertreter f\u00fcr unsere kosmetischen Produkte, welche wir bei Friseuren verkaufen m\u00f6chten. Sie besuchen bereits Friseursalons und m\u00f6chten ihr Portfolio erweitern? Dann haben wir ein sehr spannendes Konzept f\u00fcr Sie. Hervorragende kosmetische Produkte mit neuesten Technologien, wirkliche Abhebung vom Wettbewerb, ein Marketingkonzept, das den&hellip;\" \/>\n<meta property=\"og:url\" content=\"https:\/\/zeitschild.de\/en\/karriere\/\" \/>\n<meta property=\"og:site_name\" content=\"Zeitschild\" \/>\n<meta property=\"article:publisher\" content=\"https:\/\/www.facebook.com\/zeitschild\/\" \/>\n<meta name=\"twitter:card\" content=\"summary_large_image\" \/>\n<meta name=\"twitter:label1\" content=\"Est. reading time\" \/>\n\t<meta name=\"twitter:data1\" content=\"1 minute\" \/>\n<script type=\"application\/ld+json\" class=\"yoast-schema-graph\">{\"@context\":\"https:\\\/\\\/schema.org\",\"@graph\":[{\"@type\":\"WebPage\",\"@id\":\"https:\\\/\\\/zeitschild.de\\\/en\\\/karriere\\\/\",\"url\":\"https:\\\/\\\/zeitschild.de\\\/en\\\/karriere\\\/\",\"name\":\"Karriere - Zeitschild\",\"isPartOf\":{\"@id\":\"https:\\\/\\\/zeitschild.de\\\/en\\\/#website\"},\"datePublished\":\"2020-02-04T11:29:32+00:00\",\"breadcrumb\":{\"@id\":\"https:\\\/\\\/zeitschild.de\\\/en\\\/karriere\\\/#breadcrumb\"},\"inLanguage\":\"en-US\",\"potentialAction\":[{\"@type\":\"ReadAction\",\"target\":[\"https:\\\/\\\/zeitschild.de\\\/en\\\/karriere\\\/\"]}]},{\"@type\":\"BreadcrumbList\",\"@id\":\"https:\\\/\\\/zeitschild.de\\\/en\\\/karriere\\\/#breadcrumb\",\"itemListElement\":[{\"@type\":\"ListItem\",\"position\":1,\"name\":\"Startseite\",\"item\":\"https:\\\/\\\/zeitschild.de\\\/en\\\/\"},{\"@type\":\"ListItem\",\"position\":2,\"name\":\"Karriere\"}]},{\"@type\":\"WebSite\",\"@id\":\"https:\\\/\\\/zeitschild.de\\\/en\\\/#website\",\"url\":\"https:\\\/\\\/zeitschild.de\\\/en\\\/\",\"name\":\"Zeitschild GmbH\",\"description\":\"Hautpflege | Gesichtspflege | Tagescreme | Nachtcreme\",\"publisher\":{\"@id\":\"https:\\\/\\\/zeitschild.de\\\/en\\\/#organization\"},\"potentialAction\":[{\"@type\":\"SearchAction\",\"target\":{\"@type\":\"EntryPoint\",\"urlTemplate\":\"https:\\\/\\\/zeitschild.de\\\/en\\\/?s={search_term_string}\"},\"query-input\":{\"@type\":\"PropertyValueSpecification\",\"valueRequired\":true,\"valueName\":\"search_term_string\"}}],\"inLanguage\":\"en-US\"},{\"@type\":\"Organization\",\"@id\":\"https:\\\/\\\/zeitschild.de\\\/en\\\/#organization\",\"name\":\"Zeitschild GmbH\",\"url\":\"https:\\\/\\\/zeitschild.de\\\/en\\\/\",\"logo\":{\"@type\":\"ImageObject\",\"inLanguage\":\"en-US\",\"@id\":\"https:\\\/\\\/zeitschild.de\\\/en\\\/#\\\/schema\\\/logo\\\/image\\\/\",\"url\":\"https:\\\/\\\/zeitschild.de\\\/wp-content\\\/uploads\\\/2019\\\/09\\\/Logo_Zeitschild_3c72.png\",\"contentUrl\":\"https:\\\/\\\/zeitschild.de\\\/wp-content\\\/uploads\\\/2019\\\/09\\\/Logo_Zeitschild_3c72.png\",\"width\":212,\"height\":45,\"caption\":\"Zeitschild GmbH\"},\"image\":{\"@id\":\"https:\\\/\\\/zeitschild.de\\\/en\\\/#\\\/schema\\\/logo\\\/image\\\/\"},\"sameAs\":[\"https:\\\/\\\/www.facebook.com\\\/zeitschild\\\/\",\"https:\\\/\\\/www.instagram.com\\\/zeitschild\\\/\",\"https:\\\/\\\/www.youtube.com\\\/channel\\\/UCMyKYFDf3bbeF_ozJ1UXpbw\"]}]}<\/script>\n<!-- \/ Yoast SEO plugin. -->","yoast_head_json":{"title":"Karriere - Zeitschild","robots":{"index":"index","follow":"follow","max-snippet":"max-snippet:-1","max-image-preview":"max-image-preview:large","max-video-preview":"max-video-preview:-1"},"canonical":"https:\/\/zeitschild.de\/en\/karriere\/","og_locale":"en_US","og_type":"article","og_title":"Karriere - Zeitschild","og_description":"[vc_row thb_divider_position=&#8221;bottom&#8221;][vc_column][vc_column_text] Freie Handelsvertreter gesucht Wir suchen f\u00fcr Deutschland und \u00d6sterreich freie Handelsvertreter f\u00fcr unsere kosmetischen Produkte, welche wir bei Friseuren verkaufen m\u00f6chten. Sie besuchen bereits Friseursalons und m\u00f6chten ihr Portfolio erweitern? Dann haben wir ein sehr spannendes Konzept f\u00fcr Sie. Hervorragende kosmetische Produkte mit neuesten Technologien, wirkliche Abhebung vom Wettbewerb, ein Marketingkonzept, das den&hellip;","og_url":"https:\/\/zeitschild.de\/en\/karriere\/","og_site_name":"Zeitschild","article_publisher":"https:\/\/www.facebook.com\/zeitschild\/","twitter_card":"summary_large_image","twitter_misc":{"Est. reading time":"1 minute"},"schema":{"@context":"https:\/\/schema.org","@graph":[{"@type":"WebPage","@id":"https:\/\/zeitschild.de\/en\/karriere\/","url":"https:\/\/zeitschild.de\/en\/karriere\/","name":"Karriere - Zeitschild","isPartOf":{"@id":"https:\/\/zeitschild.de\/en\/#website"},"datePublished":"2020-02-04T11:29:32+00:00","breadcrumb":{"@id":"https:\/\/zeitschild.de\/en\/karriere\/#breadcrumb"},"inLanguage":"en-US","potentialAction":[{"@type":"ReadAction","target":["https:\/\/zeitschild.de\/en\/karriere\/"]}]},{"@type":"BreadcrumbList","@id":"https:\/\/zeitschild.de\/en\/karriere\/#breadcrumb","itemListElement":[{"@type":"ListItem","position":1,"name":"Startseite","item":"https:\/\/zeitschild.de\/en\/"},{"@type":"ListItem","position":2,"name":"Karriere"}]},{"@type":"WebSite","@id":"https:\/\/zeitschild.de\/en\/#website","url":"https:\/\/zeitschild.de\/en\/","name":"Zeitschild GmbH","description":"Hautpflege | Gesichtspflege | Tagescreme | Nachtcreme","publisher":{"@id":"https:\/\/zeitschild.de\/en\/#organization"},"potentialAction":[{"@type":"SearchAction","target":{"@type":"EntryPoint","urlTemplate":"https:\/\/zeitschild.de\/en\/?s={search_term_string}"},"query-input":{"@type":"PropertyValueSpecification","valueRequired":true,"valueName":"search_term_string"}}],"inLanguage":"en-US"},{"@type":"Organization","@id":"https:\/\/zeitschild.de\/en\/#organization","name":"Zeitschild GmbH","url":"https:\/\/zeitschild.de\/en\/","logo":{"@type":"ImageObject","inLanguage":"en-US","@id":"https:\/\/zeitschild.de\/en\/#\/schema\/logo\/image\/","url":"https:\/\/zeitschild.de\/wp-content\/uploads\/2019\/09\/Logo_Zeitschild_3c72.png","contentUrl":"https:\/\/zeitschild.de\/wp-content\/uploads\/2019\/09\/Logo_Zeitschild_3c72.png","width":212,"height":45,"caption":"Zeitschild GmbH"},"image":{"@id":"https:\/\/zeitschild.de\/en\/#\/schema\/logo\/image\/"},"sameAs":["https:\/\/www.facebook.com\/zeitschild\/","https:\/\/www.instagram.com\/zeitschild\/","https:\/\/www.youtube.com\/channel\/UCMyKYFDf3bbeF_ozJ1UXpbw"]}]}},"_links":{"self":[{"href":"https:\/\/zeitschild.de\/en\/wp-json\/wp\/v2\/pages\/7401","targetHints":{"allow":["GET"]}}],"collection":[{"href":"https:\/\/zeitschild.de\/en\/wp-json\/wp\/v2\/pages"}],"about":[{"href":"https:\/\/zeitschild.de\/en\/wp-json\/wp\/v2\/types\/page"}],"author":[{"embeddable":true,"href":"https:\/\/zeitschild.de\/en\/wp-json\/wp\/v2\/users\/1"}],"replies":[{"embeddable":true,"href":"https:\/\/zeitschild.de\/en\/wp-json\/wp\/v2\/comments?post=7401"}],"version-history":[{"count":0,"href":"https:\/\/zeitschild.de\/en\/wp-json\/wp\/v2\/pages\/7401\/revisions"}],"wp:attachment":[{"href":"https:\/\/zeitschild.de\/en\/wp-json\/wp\/v2\/media?parent=7401"}],"curies":[{"name":"wp","href":"https:\/\/api.w.org\/{rel}","templated":true}]}}

<div class="wpb-content-wrapper">[vc_row thb_divider_position=&#8221;bottom&#8221;][vc_column][vc_column_text]
<h2>Freie Handelsvertreter gesucht</h2>
<p>Wir suchen für Deutschland und Österreich freie Handelsvertreter für unsere kosmetischen Produkte, welche wir bei Friseuren verkaufen möchten.<br />
Sie besuchen bereits Friseursalons und möchten ihr Portfolio erweitern?<br />
Dann haben wir ein sehr spannendes Konzept für Sie.<br />
Hervorragende kosmetische Produkte mit neuesten Technologien, wirkliche Abhebung vom Wettbewerb, ein Marketingkonzept, das den Verkauf für den Friseur einfach macht und ein Vergütungssystem, das für alle Beteiligten Spaß macht.<br />
Wir freuen uns auf Sie!<br />
Ihr Zeitschild Team[/vc_column_text][vc_empty_space mobile_height=&#8221;15px&#8221;]	<a class="btn     button_dach regular" href="https://zeitschild.de/kontakt/" target="_self" role="button" title="Kontakt"><span>Kontakt</span></a>

	[/vc_column][/vc_row]
</div>

<p>[vc_row thb_divider_position=&#8221;bottom&#8221;][vc_column][vc_column_text] Freie Handelsvertreter gesucht Wir suchen für Deutschland und Österreich freie Handelsvertreter für unsere kosmetischen Produkte, welche wir bei Friseuren verkaufen möchten. Sie besuchen bereits Friseursalons und möchten ihr Portfolio erweitern? Dann haben wir ein sehr spannendes Konzept für Sie. Hervorragende kosmetische Produkte mit neuesten Technologien, wirkliche Abhebung vom Wettbewerb, ein Marketingkonzept, das den&hellip;</p>

<!-- This site is optimized with the Yoast SEO plugin v27.3 - https://yoast.com/product/yoast-seo-wordpress/ -->
<title>Karriere - Zeitschild</title>
<meta name="robots" content="index, follow, max-snippet:-1, max-image-preview:large, max-video-preview:-1" />
<link rel="canonical" href="https://zeitschild.de/en/karriere/" />
<meta property="og:locale" content="en_US" />
<meta property="og:type" content="article" />
<meta property="og:title" content="Karriere - Zeitschild" />
<meta property="og:description" content="[vc_row thb_divider_position=&#8221;bottom&#8221;][vc_column][vc_column_text] Freie Handelsvertreter gesucht Wir suchen für Deutschland und Österreich freie Handelsvertreter für unsere kosmetischen Produkte, welche wir bei Friseuren verkaufen möchten. Sie besuchen bereits Friseursalons und möchten ihr Portfolio erweitern? Dann haben wir ein sehr spannendes Konzept für Sie. Hervorragende kosmetische Produkte mit neuesten Technologien, wirkliche Abhebung vom Wettbewerb, ein Marketingkonzept, das den&hellip;" />
<meta property="og:url" content="https://zeitschild.de/en/karriere/" />
<meta property="og:site_name" content="Zeitschild" />
<meta property="article:publisher" content="https://www.facebook.com/zeitschild/" />
<meta name="twitter:card" content="summary_large_image" />
<meta name="twitter:label1" content="Est. reading time" />
	<meta name="twitter:data1" content="1 minute" />
<script type="application/ld+json" class="yoast-schema-graph">{"@context":"https:\/\/schema.org","@graph":[{"@type":"WebPage","@id":"https:\/\/zeitschild.de\/en\/karriere\/","url":"https:\/\/zeitschild.de\/en\/karriere\/","name":"Karriere - Zeitschild","isPartOf":{"@id":"https:\/\/zeitschild.de\/en\/#website"},"datePublished":"2020-02-04T11:29:32+00:00","breadcrumb":{"@id":"https:\/\/zeitschild.de\/en\/karriere\/#breadcrumb"},"inLanguage":"en-US","potentialAction":[{"@type":"ReadAction","target":["https:\/\/zeitschild.de\/en\/karriere\/"]}]},{"@type":"BreadcrumbList","@id":"https:\/\/zeitschild.de\/en\/karriere\/#breadcrumb","itemListElement":[{"@type":"ListItem","position":1,"name":"Startseite","item":"https:\/\/zeitschild.de\/en\/"},{"@type":"ListItem","position":2,"name":"Karriere"}]},{"@type":"WebSite","@id":"https:\/\/zeitschild.de\/en\/#website","url":"https:\/\/zeitschild.de\/en\/","name":"Zeitschild GmbH","description":"Hautpflege | Gesichtspflege | Tagescreme | Nachtcreme","publisher":{"@id":"https:\/\/zeitschild.de\/en\/#organization"},"potentialAction":[{"@type":"SearchAction","target":{"@type":"EntryPoint","urlTemplate":"https:\/\/zeitschild.de\/en\/?s={search_term_string}"},"query-input":{"@type":"PropertyValueSpecification","valueRequired":true,"valueName":"search_term_string"}}],"inLanguage":"en-US"},{"@type":"Organization","@id":"https:\/\/zeitschild.de\/en\/#organization","name":"Zeitschild GmbH","url":"https:\/\/zeitschild.de\/en\/","logo":{"@type":"ImageObject","inLanguage":"en-US","@id":"https:\/\/zeitschild.de\/en\/#\/schema\/logo\/image\/","url":"https:\/\/zeitschild.de\/wp-content\/uploads\/2019\/09\/Logo_Zeitschild_3c72.png","contentUrl":"https:\/\/zeitschild.de\/wp-content\/uploads\/2019\/09\/Logo_Zeitschild_3c72.png","width":212,"height":45,"caption":"Zeitschild GmbH"},"image":{"@id":"https:\/\/zeitschild.de\/en\/#\/schema\/logo\/image\/"},"sameAs":["https:\/\/www.facebook.com\/zeitschild\/","https:\/\/www.instagram.com\/zeitschild\/","https:\/\/www.youtube.com\/channel\/UCMyKYFDf3bbeF_ozJ1UXpbw"]}]}</script>
<!-- / Yoast SEO plugin. -->

[vc_row thb_divider_position=&#8221;bottom&#8221;][vc_column][vc_column_text] Freie Handelsvertreter gesucht Wir suchen für Deutschland und Österreich freie Handelsvertreter für unsere kosmetischen Produkte, welche wir bei Friseuren verkaufen möchten. Sie besuchen bereits Friseursalons und möchten ihr Portfolio erweitern? Dann haben wir ein sehr spannendes Konzept für Sie. Hervorragende kosmetische Produkte mit neuesten Technologien, wirkliche Abhebung vom Wettbewerb, ein Marketingkonzept, das den&hellip;
